2, 3, 199
What are the prime factors of 19531?
19531
List the prime factors of 4476.
2, 3, 373
What are the prime factors of 7368?
2, 3, 307
List the prime factors of 30261.
3, 7, 11, 131
What are the prime factors of 7749?
3, 7, 41
What are the prime factors of 29518?
2, 14759
What are the prime factors of 137178?
2, 3, 7621
List the prime factors of 9885.
3, 5, 659
What are the prime factors of 20514?
2, 3, 13, 263
List the prime factors of 1314.
2, 3, 73
List the prime factors of 14566.
2, 7283
List the prime factors of 2415.
3, 5, 7, 23
List the prime factors of 14892.
2, 3, 17, 73
List the prime factors of 1161.
3, 43
What are the prime factors of 13500?
2, 3, 5
What are the prime factors of 242?
2, 11
List the prime factors of 51910.
2, 5, 29, 179
List the prime factors of 24382.
2, 73, 167
What are the prime factors of 596?
2, 149
What are the prime factors of 54362?
2, 7, 11, 353
List the prime factors of 33240.
2, 3, 5, 277
What are the prime factors of 3292?
2, 823
List the prime factors of 64837.
23, 2819
List the prime factors of 5418.
2, 3, 7, 43
List the prime factors of 2615.
5, 523
What are the prime factors of 6711?
3, 2237
List the prime factors of 52642.
2, 26321
What are the prime factors of 25712?
2, 1607
What are the prime factors of 1364?
2, 11, 31
What are the prime factors of 197?
197
List the prime factors of 4612.
2, 1153
List the prime factors of 4282.
2, 2141
What are the prime factors of 70936?
2, 8867
What are the prime factors of 54433?
29, 1877
List the prime factors of 729.
3
What are the prime factors of 55?
5, 11
What are the prime factors of 51376?
2, 13, 19
What are the prime factors of 11676?
2, 3, 7, 139
List the prime factors of 1052.
2, 263
What are the prime factors of 45187?
73, 619
List the prime factors of 66152.
2, 8269
List the prime factors of 35578.
2, 17789
List the prime factors of 1237.
1237
List the prime factors of 100.
2, 5
List the prime factors of 37.
37
List the prime factors of 163452.
2, 3, 53, 257
What are the prime factors of 4724?
2, 1181
List the prime factors of 61862.
2, 30931
List the prime factors of 7876.
2, 11, 179
What are the prime factors of 925?
5, 37
What are the prime factors of 456?
2, 3, 19
List the prime factors of 1233.
3, 137
What are the prime factors of 625?
5
What are the prime factors of 5371?
41, 131
List the prime factors of 30685.
5, 17, 19
List the prime factors of 142241.
11, 67, 193
What are the prime factors of 8117?
8117
What are the prime factors of 31851?
3, 3539
What are the prime factors of 1031?
1031
What are the prime factors of 4255?
5, 23, 37
What are the prime factors of 10029?
3, 3343
List the prime factors of 4715.
5, 23, 41
What are the prime factors of 11383?
11383
What are the prime factors of 14726?
2, 37, 199
What are the prime factors of 2484?
2, 3, 23
List the prime factors of 2298.
2, 3, 383
What are the prime factors of 28701?
3, 1063
List the prime factors of 1994.
2, 997
What are the prime factors of 59276?
2, 7, 29, 73
List the prime factors of 23419.
11, 2129
What are the prime factors of 7489?
7489
What are the prime factors of 1548?
2, 3, 43
List the prime factors of 1131.
3, 13, 29
List the prime factors of 17494.
2, 8747
List the prime factors of 366.
2, 3, 61
List the prime factors of 151.
151
List the prime factors of 705.
3, 5, 47
What are the prime factors of 2316?
2, 3, 193
List the prime factors of 333.
3, 37
What are the prime factors of 13618?
2, 11, 619
What are the prime factors of 78608?
2, 17
What are the prime factors of 64952?
2, 23, 353
List the prime factors of 52304.
2, 7, 467
List the prime factors of 1598.
2, 17, 47
List the prime factors of 215.
5, 43
List the prime factors of 272.
2, 17
What are the prime factors of 4540?
2, 5, 227
What are the prime factors of 46881?
3, 5209
List the prime factors of 4077.
3, 151
List the prime factors of 15300.
2, 3, 5, 17
List the prime factors of 34929.
3, 3881
What are the prime factors of 135714?
2, 3, 22619
List the prime factors of 18042.
2, 3, 31, 97
What are the prime factors of 4214?
2, 7, 43
List the prime factors of 73585.
5, 14717
List the prime factors of 1054.
2, 17, 31
What are the prime factors of 171?
3, 19
List the prime factors of 2628.
2, 3, 73
List the prime factors of 53567.
17, 23, 137
List the prime factors of 936.
2, 3, 13
What are the prime factors of 126287?
7, 18041
What are the prime factors of 1349?
19, 71
List the prime factors of 68647.
19, 3613
List the prime factors of 2339.
2339
List the prime factors of 126635.
5, 19, 31, 43
What are the prime factors of 476?
2, 7, 17
What are the prime factors of 1369?
37
What are the prime factors of 56763?
3, 7, 17, 53
What are the prime factors of 4385?
5, 877
List the prime factors of 2426.
2, 1213
What are the prime factors of 1201?
1201
What are the prime factors of 283?
283
List the prime factors of 4568.
2, 571
What are the prime factors of 17824?
2, 557
What are the prime factors of 1575?
3, 5, 7
What are the prime factors of 35085?
3, 5, 2339
What are the prime factors of 2055?
3, 5, 137
List the prime factors of 122552.
2, 15319
List the prime factors of 27481.
27481
List the prime factors of 1371.
3, 457
List the prime factors of 64478.
2, 103, 313
What are the prime factors of 1585?
5, 317
What are the prime factors of 2205?
3, 5, 7
What are the prime factors of 28753?
28753
What are the prime factors of 23808?
2, 3, 31
What are the prime factors of 3725?
5, 149
What are the prime factors of 70959?
3, 7, 31, 109
List the prime factors of 51351.
3, 17117
List the prime factors of 1920.
2, 3, 5
List the prime factors of 47694.
2, 3, 7949
List the prime factors of 14415.
3, 5, 31
List the prime factors of 2540.
2, 5, 127
What are the prime factors of 8190?
2, 3, 5, 7, 13
What are the prime factors of 136213?
7, 11, 29, 61
What are the prime factors of 63615?
3, 5, 4241
What are the prime factors of 1084?
2, 271
What are the prime factors of 1947?
3, 11, 59
List the prime factors of 39123.
3, 7, 23
What are the prime factors of 10289?
10289
What are the prime factors of 9792?
2, 3, 17
List the prime factors of 3511.
3511
What are the prime factors of 1022?
2, 7, 73
List the prime factors of 6682.
2, 13, 257
List the prime factors of 34787.
43, 809
List the prime factors of 2733.
3, 911
List the prime factors of 9633.
3, 13, 19
What are the prime factors of 942?
2, 3, 157
What are the prime factors of 6772?
2, 1693
What are the prime factors of 21613?
21613
List the prime factors of 30282.
2, 3, 7, 103
List the prime factors of 1305.
3, 5, 29
What are the prime factors of 3908?
2, 977
What are the prime factors of 696?
2, 3, 29
List the prime factors of 63382.
2, 11, 43, 67
List the prime factors of 50152.
2, 6269
What are the prime factors of 5474?
2, 7, 17, 23
What are the prime factors of 6206?
2, 29, 107
List the prime factors of 18565.
5, 47, 79
What are the prime factors of 14509?
11, 1319
What are the prime factors of 3318?
2, 3, 7, 79
List the prime factors of 1205.
5, 241
List the prime factors of 657.
3, 73
List the prime factors of 3569.
43, 83
List the prime factors of 10937.
10937
What are the prime factors of 38559?
3, 12853
List the prime factors of 10416.
2, 3, 7, 31
What are the prime factors of 2563?
11, 233
What are the prime factors of 22?
2, 11
List the prime factors of 5140.
2, 5, 257
List the prime factors of 579.
3, 193
List the prime factors of 42317.
11, 3847
What are the prime factors of 22802?
2, 13, 877
List the prime factors of 1092.
2, 3, 7, 13
List the prime factors of 457.
457
What are the prime factors of 11442?
2, 3, 1907
What are the prime factors of 884?
2, 13, 17
What are the prime factors of 2230?
2, 5, 223
List the prime factors of 2086.
2, 7, 149
List the prime factors of 269.
269
List the prime factors of 11970.
2, 3, 5, 7, 19
What are the prime factors of 4898?
2, 31, 79
List the prime factors of 3425.
5, 137
List the prime factors of 6163.
6163
What are the prime factors of 105?
3, 5, 7
What are the prime factors of 10695?
3, 5, 23, 31
What are the prime factors of 8309?
7, 1187
What are the prime factors of 21190?
2, 5, 13, 163
List the prime factors of 5213.
13, 401
List the prime factors of 16403.
47, 349
List the prime factors of 5051.
50